 4*i(c) + o(c). Determine k(v).
5
Let g(r) = -r**3 + 2. Let n(m) = 2 + 4 + m - 5. Let b = -12 + 13. Let x be n(b). Calculate g(x).
-6
Suppose 5*x - 16 = 9. Let g(d) = d - 1. Let k(u) = -1 + 3 - 4 - 4 + 4*u. Let f(n) = 3*g(n) - k(n). Give f(x).
-2
Let d be 14/6*-1 - (-2)/(-3). Let g(s) = s**3 + 4*s**2 + 2*s + 3. Calculate g(d).
6
Suppose -5*y - 2 - 3 = 5*b, 9 = -3*y - 5*b. Let d(w) = -4*w - 4 + w**2 - y*w + 9 - 3. What is d(4)?
-6
Suppose 12*m - 17 + 5 = 0. Let g(p) = 13*p**2 + p. What is g(m)?
14
Let h(l) = -1 - 12 + 2 - 3*l - 9 - 8. What is h(-10)?
2
Let c(z) = z**3 - 120*z - 119*z + 3 - 85*z + 325*z. Suppose d = 4*d. Determine c(d).
3
Let y(j) = j**2 - 3*j + 4. Let o(d) = -d + 1. Let z(r) = 4*o(r) - y(r). Let x be ((232/174)/(2/(-6)))/2. What is z(x)?
-2
Let v(o) = o**3 - 6*o**2 + 8. Let r be v(6). Let x(p) be the second derivative of p**3/6 - 3*p**2/2 - 276*p + 15. Determine x(r).
5
Let v(r) = 105*r - 410. Let z be v(4). Let f(q) = -q**3 + 10*q**2 - 4*q + 14. Calculate f(z).
-26
Let m(j) = j**2 + j. Let k = -31 + 32. Let t(z) = -3*z**2 - 2*z + 5. Let y(c) = k*t(c) + 2*m(c). Give y(4).
-11
Let n(q) = -6*q - 5. Let b(k) = k - 1. Let m(z) = 7*b(z) + n(z). Give m(5).
-7
Let v = 3 - 0. Let w(y) = -5*y - v + 4*y + 1 + 1. Let l(h) = -5*h - 4. Let x(a) = l(a) - 4*w(a). What is x(0)?
0
Suppose -8*d + 12 = -5*d. Let z(c) be the second derivative of c**4/12 - 5*c**3/6 + c**2/2 + 11*c. What is z(d)?
-3
Suppose 0*f = 2*f + 16. Let p = -7 - f. Let d(w) be the third derivative of -w**4/3 - 3*w**2. What is d(p)?
-8
Let c(r) = 2*r**3 + 2*r**2 - r - 1. Let a(l) = 11*l**3 + 5*l**2 - l - 9. Let k(z) = a(z) - 5*c(z). What is k(3)?
-10
Suppose 0 = -3*b + 5*u + 20 - 2, -9 = 3*u. Let h(c) = 0*c + 0 + b + 0*c**3 - 6*c**3 - c. Suppose 2*r + 4*l = 18, 5*r + 0*l = -4*l + 21. Give h(r).
-6
Let v(t) = 14*t + 42. Let c be v(-3). Let m(o) be the second derivative of o**5/20 - 3*o**2/2 + 3*o. Give m(c).
-3
Let w be 5 - (6/18)/(1/(-3)). Suppose 0 = -3*v - 0*v + 12. Let f(c) = 2 - 4 - v*c - 5*c**2 - 1 + c**3. Determine f(w).
9
Suppose 2*x - 5*j = 43 + 1, -j = -5*x + 156. Suppose 3*b + 14 = x. Let d(o) = o**2 - 6*o + 2. Give d(b).
2
Let x(l) = -l**2 - 5*l - 5. Suppose 0*t + 4*t = 3*h - 4, 1 = 3*h - t. Suppose a + 30 = -0*a + 5*z, 3*a + z + 10 = h. What is x(a)?
-5
Let q(r) be the second derivative of -r**5/20 - 5*r**4/12 - r**3/3 - 148*r. Suppose -3 = 4*s - 7, 0 = 3*n + 3*s + 9. What is q(n)?
-8
Let w = -26 + 20. Let p(x) = 3*x - 4. Calculate p(w).
-22
Suppose -17 = -2*n + 4*u + 23, -n + 23 = -u. Suppose 0 = 3*c - 4*y - n, 4*c + 4*y + 12 = -0*y. Let r(w) = -w**c - 4*w**2 - 80*w + 77*w. What is r(-2)?
-14
Let b = 48 - 46. Let w(k) = b - 8*k**3 - 31*k + 32*k - 2. Determine w(-1).
7
Let i(t) be the second derivative of -t**3/6 + t. Let a(z) = -4*z + 17. Let b be a(5). Let q be 3*(2 + b)*-1. Calculate i(q).
-3
Suppose -6*m - 40 = -14*m. Suppose -m*g + 2 = -6*g. Let z(t) = 7*t + 1. Calculate z(g).
-13
Suppose 14*i + 101 - 87 = 0. Let b(y) = -10*y**2 + 2*y + 2. What is b(i)?
-10
Let s(m) be the third derivative of m**4/24 + 2*m**3/3 + m**2. Let w = -4 - -2. Let k be 6*w/4 + -3. Give s(k).
-2
Let z be 20/(-6)*(-3)/(-2). Let t(j) = 4 + 3 + 43*j**2 - 1 - 42*j**2 + 7*j. Determine t(z).
-4
Let b(n) = 2 - n + 1 + 6*n. Let u(k) = -22*k + 6. Let v(j) = 33*j - 11. Let i(t) = 8*u(t) + 5*v(t). Let q(w) = -13*b(w) - 6*i(w). Calculate q(-3).
0
Let p(t) = 7 - 6*t**2 - 2*t - 15 + 7. Let h(s) = -s**2 + 5*s - 4. Let u be h(3). Suppose 0 = -0*i - 2*i - u. Give p(i).
-5
Let v(j) = j - 6. Let k be 51/5 - 2/10. Suppose 0 = 4*n - 2*a - 17 - 5, -2*a - k = 0. Suppose n*s = 20 - 2. Determine v(s).
0
Let z(x) = 11*x - 16. Let p(y) = -13*y + 19. Let d(g) = 5*p(g) + 6*z(g). What is d(2)?
1
Let r(q) be the third derivative of -q**9/60480 + q**8/4032 - q**6/360 + 7*q**5/60 + 13*q**2. Let g(c) be the third derivative of r(c). Determine g(2).
10
Let j(w) = 5*w**3 - 2*w**2 + w + 2. Let r(z) = 3*z**3 - 2*z**2 + 3*z + 3. Let p(x) = 2*j(x) - 3*r(x). Determine p(-4).
-9
Let p = -4 + 26. Suppose -5*j - p = -2*l, l + 3*j - 2*j = -3. Let y(a) = -6*a. Calculate y(l).
-6
Let b(c) be the first derivative of c**4/2 - c**3/3 - 3*c**2/2 + c - 74. What is b(2)?
7
Let t be 3*(14/3 - 1). Let b = -6 + t. Let s(z) = z**3 + 23 - 26 + 0*z**3 + 3*z**2 - 8*z**2 + 2*z. What is s(b)?
7
Let o(r) be the second derivative of -r**6/120 + r**5/60 - r**4/24 + 10*r**2 + 4*r. Let x(j) be the first derivative of o(j). Determine x(1).
-1
Let v(f) = -f**2 - 2*f. Let o(d) = -2*d**2 - 14*d - 9. Let q(a) = o(a) - v(a). Give q(-10).
11
Let t be (-1)/(-2) - (-14)/4. Let k(u) be the first derivative of -u**3/3 + 5*u**2/2 + u - 81. What is k(t)?
5
Let o(i) = i + 5*i + 3 - 2 + 1 - i. Give o(6).
32
Let g(j) be the first derivative of -j**3/3 - j**2 + 1. Let c(k) = k + 1. Suppose 0 = 5*m - 4*f + 12, -5*f + 0 = -2*m + 2. Let h be c(m). Determine g(h).
-3
Let q(x) = 8*x**2 - 7*x + 205 - 204 + 2*x**2 - 9*x**2 + 18*x. Determine q(-10).
-9
Let x be 0*(3/(-2) - -1). Suppose -5*g + 7 = -3*v - x, 0 = 2*g + v - 5. Let n(l) = -l + 5. Let r(f) = 7*f - 38. Let c(t) = -8*n(t) - r(t). Determine c(g).
0
Let f(o) be the second derivative of o**2 + 12*o - 1/12*o**4 + 0 + 0*o**3. Calculate f(-3).
-7
Suppose 4*g + 3*v = -34, 2*g - 10 = -3*v - 30. Let l(m) be the first derivative of m**4/4 + 8*m**3/3 + 2*m**2 - 10*m + 1. Calculate l(g).
11
Let q(s) be the first derivative of -s**7/840 + s**6/72 - s**5/120 - s**4/4 - 14*s**3/3 + 2. Let l(g) be the third derivative of q(g). Give l(5).
-11
Let a(g) = -g + 1. Suppose -1397*z + 1391*z = 30. What is a(z)?
6
Suppose 3*n - 10 = 3*i + 2*n, 0 = 3*n - 3. Let k(t) = t**3 - 3 - 2*t + 5*t**3 + 2*t**2 - 5*t**3. What is k(i)?
-6
Let x(l) = 2*l**2 + 4*l. Let c(p) = -p**3 + 12*p**2 + 12*p + 10. Let v be (-4)/10 - 386/10. Let s be (v/6)/(1/(-2)). Let m be c(s). Determine x(m).
6
Let q(k) be the first derivative of 2*k**2 + 26*k + 93. Give q(-8).
-6
Let m(y) = 6*y + 1. Suppose 0 = 21*i - 16*i - 20. Suppose -i*g - 15 = -11. Calculate m(g).
-5
Suppose 3*v - 9 = -5*g - 4, v = 5. Let j(n) = 10*n. Give j(g).
-20
Let s(o) = -68*o**3 - 112*o**2 + 69*o**3 + 4 + 103*o**2 + 8*o. Let z be (-148)/(-18) - (-4)/(-18). Calculate s(z).
4
Let d(g) = -g**2 + 14*g - 6. Suppose 6*p = 5*p + 2*a + 8, 5*p = -a + 73. Let l be d(p). Let n(u) = -u**2 - 8*u + 2. What is n(l)?
14
Let z(k) = 16*k + 2*k**3 + 15*k + 15*k - 49*k - 2*k**2. What is z(3)?
27
Suppose -5*v = -4*s - 5, -5*v = -s + 12 - 2. Let f(o) = 8*o**2 - 3*o - 5. Let q(j) = -7*j**2 + 2*j + 4. Let z(h) = -6*f(h) - 7*q(h). Calculate z(s).
7
Let n(y) be the second derivative of 7*y**3/6 + 4*y**2 + 235*y + 1. What is n(-6)?
-34
Let r(q) = q**3 - 8*q**2 + 5*q - 7. Suppose -7*c = -11 - 45. Determine r(c).
33
Let x(f) = f**2 + 8*f - 11. Let a = 919 + -930. Calculate x(a).
22
Let b(d) = 4*d**2 - 22*d - 60. Let x(y) = 3*y**2 - 20*y - 59. Let m(o) = -2*b(o) + 3*x(o). Calculate m(19).
0
Let i(c) = -c**3 - 13*c**2 + 14*c - 8. Let g(j) = -6*j + 82. Let f be g(16). Give i(f).
-8
Let t(k) = k**3 + 4*k**2 - k - 1. Let l be (8/10)/(4/230). Let r = l - 50. Calculate t(r).
3
Suppose 0 = -4*v + g - 15, 3*v - 15 = 4*v + 2*g. Let u(l) = l**2 + 4*l - 7. Determine u(v).
-2
Let x(t) = -2 + 6 + 3*t + 1. Let q(z) = z**2 + 36*z - 306. Let a be q(-43). Give x(a).
-10
Let a(r) = 6*r - 26. Let t(j) = -1. Let n(s) = a(s) - 6*t(s). Let w be n(4). Let u(q) = -q**3 + 3*q**2 + 5*q - 5. What is u(w)?
-1
Let p(h) = -11*h**3 - 3*h**2 + 4*h - 2. Let g be 13/(1/((1 + 0)*-1)). Let v(y) = -5*y**3 - y**2 + 2*y - 1. Let r(n) = g*v(n) + 6*p(n). Give r(-3).
-11
Let r(i) = i**3 + 5*i**2 + 2*i + 5. Let o = 55 - 27. Let j be (-16)/(-6) + -3 + o/(-6). Determine r(j).
-5
Let r = -261 + 266. Let v(m) = 2*m**2 - 11*m + 4. What is v(r)?
-1
Suppose -4*i + 8 = -3*i. Let a be (-2)/i - (-7)/28. Let b be a*((-15)/(-9))/(-5). Let m(g) = -g**3 + g + 6. Give m(b).
6
Let k(f) = 2*f + 5. Let v(x) = -x**2 - 4*x + 7. Let r be 3/(-2) - 27/(-6). Let l(o) = o**2 + 3*o - 8. Let h(j) = r*l(j) + 4*v(j). Let b be h(-8). Give k(b).
-3
Suppose 0 = k + 72 - 73. Let f(x) = 2*x + 2. What is f(k)?
4
Let z(j) be the second derivative of -4/3*j**3 - 1/2*j**2 + 2*j + 0. Suppose 14 = -2*g + 16. Determine z(g).
-9
Let v = 24 + -15. Let m(u) = -4*u + 5 + v*u + 9 - 10. Give m(-3).
-11
Suppose -